{"id":8,"date":"2026-01-31T16:28:01","date_gmt":"2026-01-31T16:28:01","guid":{"rendered":"https:\/\/kukkakunnari.fi\/?page_id=8"},"modified":"2026-01-31T17:11:09","modified_gmt":"2026-01-31T17:11:09","slug":"arkea-jossa-on-mielta","status":"publish","type":"page","link":"https:\/\/kukkakunnari.fi\/","title":{"rendered":"Arkea, jossa on mielt\u00e4"},"content":{"rendered":"\n<div class=\"wp-block-cover alignfull is-light has-contrast-color has-text-color has-link-color wp-elements-e0d89efaa5b842ecf45b4dcb47f6cbbc\" style=\"margin-top:0;margin-bottom:0;padding-top:var(--wp--preset--spacing--60);padding-right:var(--wp--preset--spacing--50);padding-bottom:var(--wp--preset--spacing--60);padding-left:var(--wp--preset--spacing--50)\"><span aria-hidden=\"true\" class=\"wp-block-cover__background has-base-background-color has-background-dim-100 has-background-dim\"><\/span><div class=\"wp-block-cover__inner-container has-global-padding is-layout-constrained wp-container-core-cover-is-layout-873ee6b1 wp-block-cover-is-layout-constrained\">\n<div class=\"wp-block-columns alignwide is-layout-flex wp-container-core-columns-is-layout-7ee84d44 wp-block-columns-is-layout-flex\">\n<div class=\"wp-block-column is-layout-flow wp-block-column-is-layout-flow\" style=\"flex-basis:65%\">\n<div class=\"wp-block-group is-vertical is-content-justification-stretch is-layout-flex wp-container-core-group-is-layout-353c4f5a wp-block-group-is-layout-flex\">\n<h2 class=\"wp-block-heading has-text-align-left\" style=\"font-size:clamp(4.509rem, 4.509rem + ((1vw - 0.2rem) * 8.613), 10rem);font-style:normal;font-weight:300;letter-spacing:-0.03em;line-height:1.4\">Hei vain,<\/h2>\n\n\n\n<p class=\"is-style-text-subtitle is-style-text-subtitle--1\"><br>Olen Kukka, 35, psykologi ja vasemmistoliiton luottamushenkil\u00f6 Tampereen Kalevasta.<\/p>\n\n\n\n<p>Kaudella 2025 \u2013 2029 toimin aluehallituksen alaisen <strong>yksil\u00f6asioiden jaoston<\/strong> j\u00e4senen\u00e4 sek\u00e4 <strong>alueellisen ymp\u00e4rist\u00f6terveydenhuollon<\/strong> j\u00e4senen\u00e4. Lis\u00e4ksi olen aluevaltuustoryhm\u00e4mme ensimm\u00e4inen ja kaupunginvaltuustoryhm\u00e4mme toinen varavaltuutettu. Olen toiminut useissa eri luottamusteht\u00e4viss\u00e4 vuodesta 2017 l\u00e4htien niin varsinaisen kuin varavaltuutetunkin roolista k\u00e4sin.<\/p>\n\n\n\n<p>P\u00e4iv\u00e4ty\u00f6t\u00e4ni saan tehd\u00e4 Tampereella ammattikoululaisten parissa opiskeluhuollon psykologina. Olen ty\u00f6skennellyt niin perustasolla kuin erikoissairaanhoidossakin: aiempaa asiakaskuntaani ovat olleet esi- ja peruskoululaiset, lukiolaiset sek\u00e4 eri-ik\u00e4iset sukupuolenkorjausprosessiin hakeutuvat ihmiset. Minulla on my\u00f6s esitt\u00e4v\u00e4n taiteen tutkinto, mutta teatteriajoistani on jo vuosia.<\/p>\n\n\n\n<p>My\u00f6s siviiliss\u00e4 el\u00e4m\u00e4ni on tihe\u00e4\u00e4 ja onnellista. Ihanaan pieneen uusperheeseeni kuuluvat taaperon lis\u00e4ksi yksitoistavuotias esikoinen, puoliso sek\u00e4 l\u00e4heisyytt\u00e4 rakastava oranssi kissa. Vapaalla aloitan ja unohdan samanaikaisesti useampia kirjoja ja siivousprojekteja, opettelen neulomaan ja k\u00e4ym\u00e4\u00e4n kuntosalilla ja vesijuoksen, saunon ja laulan aina kun mahdollista. L\u00e4heiset tuntevat minut \u00e4ll\u00f6tt\u00e4v\u00e4n\u00e4 romantikkona, vannoutuneena feministin\u00e4 ja k\u00e4velev\u00e4n\u00e4 mielenterveysn\u00e4k\u00f6kulmana. Identiteettini on muunsukupuolinen \u2013 tai esikoiseni sanoin:&nbsp;<em>\u00e4iti ei ole mit\u00e4\u00e4n<\/em>.<\/p>\n\n\n\n<p>Politiikassa minua puhuttelevat erityisesti yhteiskuntaluokan ja mielenterveyden monin tavoin riste\u00e4v\u00e4t kysymykset, sosiaalinen oikeudenmukaisuus sek\u00e4 reilu ty\u00f6. Politiikan arjessa t\u00e4m\u00e4 tarkoittaa esimerkiksi asiakasmaksuista luopumisen, riitt\u00e4v\u00e4n intensiivisen hoidon, yhteis\u00f6llisen ty\u00f6vuorosuunnittelun ja siirtoty\u00f6l\u00e4isten oikeuksien vaatimista.<\/p>\n\n\n\n<p><strong>YHTEYSTIEDOT<\/strong><\/p>\n\n\n\n<p>kukka.kunnari@gmail.com<\/p>\n\n\n\n<p>040 8368 978<\/p>\n\n\n\n<p class=\"has-medium-font-size\"><strong>VIIMEISIMM\u00c4T LUOTTAMUSTOIMET<br><\/strong>6\/2025 \u2013 Pirkanmaan Vasemmiston vara-aluevaltuutettu<br>6\/2025 \u2013 Pirkanmaan hyvinvointialueen yksil\u00f6asioiden jaoston j\u00e4sen<br>6\/2025 \u2013 Alueellisen ymp\u00e4rist\u00f6terveydenhuollon jaoston j\u00e4sen<br>8\/2023 \u2013 5\/2025 Tampereen kasvatus- ja opetuslautakunnan varaj\u00e4sen<br>3\/2022 \u2013 5\/2025 Pirkanmaan Vasemmiston aluevaltuutettu ja valtuustoryhm\u00e4n varapuheenjohtaja<br>3\/2022 \u2013 12\/2023 Pirkanmaan aluevaltuuston monipalveluvaliokunnan 2. varapuheenjohtaja<br>1\/2022 \u2013 12\/2023 Pirkanmaan Psykologiyhdistyksen puheenjohtaja<br>8\/2021 \u2013 3\/2023 Tampereen kaupungin sosiaali- ja terveyslautakunnan j\u00e4sen<br>8\/2017 \u2013 Tampereen Vasemmiston varakaupunginvaltuutettu<\/p>\n\n\n\n<p class=\"has-medium-font-size\">KOULUTUS<br>2018 \u2013 2021 Tampereen yliopisto, Psykologian maisteri<br>2015 \u2013 2018 Tampereen yliopisto, Psykologian kandidaatti, sivuaineena yhteiskuntatutkimus<br>2010 \u2013 2014 Metropolia Ammattikorkeakoulu, Esitt\u00e4v\u00e4n taiteen koulutusohjelma, Teatteri-ilmaisun ohjaaja<br>2009 \u2013 2010\u00a0 Metropolia Ammattikorkeakoulu, opintoja sosiaalialan koulutusohjelmassa<\/p>\n<\/div>\n<\/div>\n\n\n\n<div class=\"wp-block-column is-layout-flow wp-block-column-is-layout-flow\" style=\"flex-basis:35%\">\n<div class=\"wp-block-group is-vertical is-content-justification-stretch is-nowrap is-layout-flex wp-container-core-group-is-layout-73b0033c wp-block-group-is-layout-flex\">\n<figure class=\"wp-block-image size-full\"><img loading=\"lazy\" decoding=\"async\" width=\"1365\" height=\"2048\" src=\"https:\/\/kukkakunnari.fi\/wp-content\/uploads\/2026\/01\/Kukka-19102025-web-Kimmo-Nurminen-8140.jpg\" alt=\"\" class=\"wp-image-9\" style=\"aspect-ratio:3\/4;object-fit:cover\" srcset=\"https:\/\/kukkakunnari.fi\/wp-content\/uploads\/2026\/01\/Kukka-19102025-web-Kimmo-Nurminen-8140.jpg 1365w, https:\/\/kukkakunnari.fi\/wp-content\/uploads\/2026\/01\/Kukka-19102025-web-Kimmo-Nurminen-8140-200x300.jpg 200w, https:\/\/kukkakunnari.fi\/wp-content\/uploads\/2026\/01\/Kukka-19102025-web-Kimmo-Nurminen-8140-683x1024.jpg 683w, https:\/\/kukkakunnari.fi\/wp-content\/uploads\/2026\/01\/Kukka-19102025-web-Kimmo-Nurminen-8140-768x1152.jpg 768w, https:\/\/kukkakunnari.fi\/wp-content\/uploads\/2026\/01\/Kukka-19102025-web-Kimmo-Nurminen-8140-1024x1536.jpg 1024w\" sizes=\"auto, (max-width: 1365px) 100vw, 1365px\" \/><\/figure>\n\n\n\n<p class=\"has-text-align-right has-x-large-font-size\" style=\"line-height:1.2\"><a href=\"http:\/\/instagram.com\/kukkakunnari\">Instagram<\/a><br><a href=\"http:\/\/facebook.com\/kukkakunnari\">Facebook<\/a><br><a href=\"http:\/\/threads.com\/kukkakunnari\">Threads<\/a><\/p>\n<\/div>\n<\/div>\n<\/div>\n<\/div><\/div>\n","protected":false},"excerpt":{"rendered":"","protected":false},"author":1,"featured_media":0,"parent":0,"menu_order":1,"comment_status":"closed","ping_status":"closed","template":"","meta":{"footnotes":""},"class_list":["post-8","page","type-page","status-publish","hentry"],"_links":{"self":[{"href":"https:\/\/kukkakunnari.fi\/index.php?rest_route=\/wp\/v2\/pages\/8","targetHints":{"allow":["GET"]}}],"collection":[{"href":"https:\/\/kukkakunnari.fi\/index.php?rest_route=\/wp\/v2\/pages"}],"about":[{"href":"https:\/\/kukkakunnari.fi\/index.php?rest_route=\/wp\/v2\/types\/page"}],"author":[{"embeddable":true,"href":"https:\/\/kukkakunnari.fi\/index.php?rest_route=\/wp\/v2\/users\/1"}],"replies":[{"embeddable":true,"href":"https:\/\/kukkakunnari.fi\/index.php?rest_route=%2Fwp%2Fv2%2Fcomments&post=8"}],"version-history":[{"count":2,"href":"https:\/\/kukkakunnari.fi\/index.php?rest_route=\/wp\/v2\/pages\/8\/revisions"}],"predecessor-version":[{"id":24,"href":"https:\/\/kukkakunnari.fi\/index.php?rest_route=\/wp\/v2\/pages\/8\/revisions\/24"}],"wp:attachment":[{"href":"https:\/\/kukkakunnari.fi\/index.php?rest_route=%2Fwp%2Fv2%2Fmedia&parent=8"}],"curies":[{"name":"wp","href":"https:\/\/api.w.org\/{rel}","templated":true}]}}